
-9492
Convert -55113 (base 6) to base 4.
-1312311
-c232 (base 13) to base 3
-1100200111
12662 (base 8) to base 2
1010110110010
Convert 5760 (base 8) to base 13.
1511
-464 (base 9) to base 12
-27a
Convert -2120102 (base 3) to base 8.
-3522
What is 111110011 (base 2) in base 14?
279
Convert -1010000110101011 (base 2) to base 16.
-a1ab
Convert -673 (base 11) to base 13.
-4a0
Convert -56b8 (base 14) to base 9.
-22581
7f9e (base 16) to base 14
bc98
Convert -38644 (base 10) to base 4.
-21123310
What is 2666 (base 9) in base 15?
8d9
Convert 1a3 (base 15) to base 7.
1050
Convert -100000111 (base 2) to base 12.
-19b
Convert -2087 (base 9) to base 14.
-7bb
Convert 4606 (base 7) to base 13.
9b8
11603 (base 8) to base 4
1032003
Convert -101122 (base 3) to base 10.
-287
Convert 9752 (base 10) to base 8.
23030
-52250 (base 7) to base 15
-3bee
-169 (base 13) to base 14
-144
124335 (base 7) to base 11
1643a
What is -20124 (base 5) in base 15?
-5ae
2502 (base 7) to base 6
4153
33423 (base 12) to base 15
15230
Convert a314 (base 12) to base 9.
26277
What is -121152 (base 6) in base 4?
-2212130
-1221212 (base 4) to base 13
-30cb
What is 1427 (base 8) in base 12?
55b
1a9a (base 13) to base 3
12111200
What is 1225 (base 6) in base 16?
131
What is -3320101 (base 5) in base 15?
-120a1
What is 147c9 (base 13) in base 10?
38697
Convert -2c2 (base 14) to base 5.
-4222
What is a7 (base 15) in base 9?
184
What is -142453 (base 8) in base 2?
-1100010100101011
Convert -111100000 (base 2) to base 7.
-1254
Convert -1569 (base 15) to base 3.
-20022100
44c1 (base 13) to base 14
3713
What is -22001 (base 5) in base 2?
-10111011101
Convert -b6 (base 13) to base 8.
-225
21003233 (base 4) to base 5
2141403
Convert 1000001101100 (base 2) to base 5.
113304
What is -379 (base 10) in base 7?
-1051
14614 (base 7) to base 12
243a
-2144 (base 15) to base 16
-1b7f
What is -121222 (base 3) in base 10?
-458
Convert -3442442 (base 5) to base 9.
-104343
Convert -902 (base 14) to base 3.
-2102102
-371b (base 14) to base 11
-7264
Convert 23223020 (base 4) to base 15.
e27b
What is -10234 (base 6) in base 14?
-714
672 (base 10) to base 2
1010100000
What is 2d3a (base 14) in base 13?
38b2
-2963 (base 13) to base 10
-5996
Convert 39264 (base 10) to base 5.
2224024
-2313 (base 4) to base 5
-1213
a70 (base 11) to base 9
1680
What is -4157 (base 9) in base 11?
-2322
Convert -10000110001100 (base 2) to base 10.
-8588
-126 (base 10) to base 8
-176
159 (base 10) to base 3
12220
What is 2024144 (base 5) in base 12?
17161
Convert 143 (base 12) to base 14.
dd
Convert 3621 (base 10) to base 11.
27a2
10000110101 (base 2) to base 12
759
Convert 1839 (base 16) to base 8.
14071
5524 (base 11) to base 8
16166
What is 76577 (base 9) in base 15?
100a1
Convert -1061 (base 13) to base 14.
-b88
What is -11199 (base 12) in base 11?
-1608a
283 (base 10) to base 6
1151
Convert 1786 (base 11) to base 8.
4340
What is 386 (base 10) in base 7?
1061
Convert -20124 (base 5) to base 11.
-a72
200034 (base 5) to base 9
8535
Convert 2303 (base 4) to base 5.
1204
1881 (base 16) to base 7
24201
Convert -16585 (base 11) to base 7.
-125001
Convert -23213 (base 4) to base 9.
-1015
What is -481 (base 16) in base 9?
-1521
Convert 2113201 (base 4) to base 10.
9697
109 (base 12) to base 3
12200
-24043 (base 5) to base 8
-3355
What is 1a (base 12) in base 6?
34
Convert 2b65 (base 12) to base 3.
21000112
112404 (base 7) to base 3
1000120020
What is 1210002 (base 4) in base 7?
24444
Convert -2245 (base 6) to base 2.
-1000010101
What is -105 (base 7) in base 10?
-54
Convert -405 (base 15) to base 10.
-905
Convert 140200 (base 5) to base 14.
20d5
-4112 (base 7) to base 9
-1858
Convert 10000103 (base 4) to base 9.
24445
-81 (base 11) to base 8
-131
What is 2b08 (base 14) in base 10?
7652
What is -63104 (base 10) in base 2?
-1111011010000000
What is -331 (base 15) in base 4?
-23101
Convert 6047 (base 9) to base 6.
32241
515 (base 8) to base 15
173
2ef (base 16) to base 7
2122
What is -2000202 (base 6) in base 4?
-112303022
-1011011000000 (base 2) to base 9
-7881
What is 2145 (base 6) in base 15?
232
What is -304540 (base 6) in base 7?
-131061
What is -110000111 (base 2) in base 10?
-391
Convert -543 (base 7) to base 9.
-336
Convert -3621 (base 7) to base 4.
-110322
What is -1c4 (base 14) in base 6?
-1412
Convert 115466 (base 7) to base 15.
6412
What is -2066 (base 9) in base 3?
-2002020
11372 (base 10) to base 3
120121012
Convert 645 (base 10) to base 4.
22011
1325 (base 6) to base 9
418
What is 2406 (base 10) in base 11?
1898
a33 (base 13) to base 9
2334
Convert -348c (base 14) to base 8.
-21664
What is -2619 (base 10) in base 14?
-d51
What is -34695 (base 10) in base 9?
-52530
What is 70 (base 8) in base 12?
48
What is 1371 (base 12) in base 9?
3064
What is 461 (base 12) in base 16?
289
Convert -15525 (base 6) to base 8.
-5015
What is 44145 (base 6) in base 16?
17e1
-a817 (base 11) to base 3
-201121111
What is -1551 (base 7) in base 11?
-518
What is 354541 (base 6) in base 4?
13202131
Convert 2a98 (base 12) to base 11.
3847
Convert 21108 (base 9) to base 11.
a523
Convert -869 (base 10) to base 4.
-31211
23170 (base 9) to base 10
15453
What is 3ca (base 13) in base 8?
1241
-24110 (base 5) to base 9
-2387
4268 (base 9) to base 5
100030
Convert 895 (base 10) to base 8.
1577
Convert 2130 (base 4) to base 11.
132
8c0c (base 14) to base 12
120a4
What is -2d86 (base 15) in base 12?
-5809
27c5 (base 16) to base 14
39d3
Convert 253e (base 16) to base 9.
14063
Convert 1cbc (base 13) to base 4.
1010130
cb (base 13) to base 2
10100111
What is 1040 (base 8) in base 6?
2304
-1d9 (base 15) to base 11
-360
2367 (base 8) to base 12
89b
What is -2d5 (base 14) in base 6?
-2403
-1022 (base 9) to base 4
-23231
Convert -2426 (base 7) to base 5.
-12102
28ab (base 15) to base 16
2207
-71 (base 8) to base 3
-2010
-31a6 (base 12) to base 9
-7430
Convert 46 (base 12) to base 3.
2000
-1980 (base 14) to base 4
-1020030
What is -5141 (base 13) in base 6?
-123515
Convert 12427 (base 9) to base 2.
10000010110000
What is -10001110010 (base 2) in base 13?
-697
What is -3552 (base 7) in base 3?
-1210120
1cc6 (base 13) to base 4
1010203
What is 1800 (base 10) in base 14?
928
5236 (base 8) to base 16
a9e
What is 179 (base 10) in base 16?
b3
-82 (base 16) to base 6
-334
-34a7 (base 12) to base 15
-1b27
Convert 2816 (base 15) to base 16.
217b
What is 7a5a (base 13) in base 8?
41370
What is -310140 (base 6) in base 12?
-12350
Convert -a39 (base 11) to base 12.
-884
What is 12918 (base 12) in base 10?
25508
What is -2131 (base 7) in base 15?
-357
What is -101101100 (base 2) in base 8?
-554
Convert -7dd8 (base 15) to base 7.
-140666
What is 1140 (base 9) in base 5?
11341
What is -23b4 (base 13) in base 5?
-130143
What is 58325 (base 10) in base 7?
332021
Convert 4425 (base 6) to base 13.
60b
30403 (base 7) to base 8
16352
Convert -2e68 (base 16) to base 10.
-11880
What is -212 (base 15) in base 7?
-1235
-1631 (base 9) to base 16
-4db
-6924 (base 12) to base 8
-26654
What is 1d69 (base 14) in base 9?
7343
Convert 201200 (base 3) to base 14.
29d
Convert 594b (base 15) to base 7.
106211
Convert 1004304 (base 5) to base 14.
5c96
What is -45270 (base 8) in base 14?
-6d84
12628 (base 14) to base 16
b03c
What is -1b5a2 (base 12) in base 10?
-40586
What is 1da2 (base 16) in base 7?
31055
What is 1c724 (base 14) in base 6?
1320444
20021210 (base 3) to base 12
27a0
What is 312204 (base 5) in base 6?
115412
What is -1534 (base 8) in base 4?
-31130
What is -2231 (base 10) in base 3?
-10001122
What is 107e (base 15) in base 13?
178a
Convert -847 (base 12) to base 3.
-1122201
-202001001 (base 3) to base 13
-6859
Convert 4463 (base 8) to base 14.
c03
-53235 (base 9) to base 14
-cb74
Convert -418 (base 15) to base 14.
-49d
11414 (base 6) to base 10
1666
What is 1e00 (base 16) in base 9?
11473
What is -10111111100001 (base 2) in base 10?
-12257
What is -2625 (base 9) in base 7?
-5510
What is -1310 (base 6) in base 9?
-406
What is 11110001 (base 3) in base 14?
1277
What is -1e7 (base 16) in base 7?
-1264
Convert -139f (base 16) to base 3.
-20220001
269 (base 15) to base 16
225
What is -3371 (base 15) in base 14?
-3d90
Convert -101101110000101 (base 2) to base 13.
-a883
What is -6db (base 16) in ba